.
479
What is the highest common divisor of 5060 and 4417840?
460
What is the highest common factor of 8 and 431648212?
4
Calculate the greatest common factor of 20881 and 112567.
7
Calculate the highest common divisor of 16902 and 2226369.
939
Calculate the highest common factor of 2572 and 344188898.
1286
Calculate the greatest common factor of 50058 and 175.
1
What is the greatest common factor of 69687 and 215557?
29
What is the greatest common divisor of 574 and 992768?
14
Calculate the greatest common divisor of 1356894 and 105.
21
What is the greatest common divisor of 280 and 5648090?
70
What is the highest common factor of 244908 and 192?
12
What is the highest common divisor of 19425860 and 4024?
2012
What is the highest common factor of 10647574 and 23?
23
What is the highest common divisor of 1313910 and 9000?
90
What is the highest common factor of 3342 and 79670495?
557
What is the highest common divisor of 120 and 20460384?
24
What is the greatest common factor of 14367820 and 1040?
20
Calculate the greatest common divisor of 17 and 274152251.
17
What is the greatest common divisor of 597376 and 156416?
1664
Calculate the greatest common divisor of 14249050 and 114.
38
Calculate the greatest common divisor of 12 and 6256686.
6
What is the highest common divisor of 5972931 and 6?
3
Calculate the highest common divisor of 9407 and 394538987.
9407
What is the highest common divisor of 2654645 and 11315?
365
Calculate the greatest common factor of 129 and 307204341.
129
What is the highest common divisor of 59237 and 79328?
37
What is the greatest common divisor of 13920 and 14160?
240
What is the greatest common divisor of 738 and 2228637?
123
What is the highest common factor of 502396 and 23316?
116
Calculate the greatest common divisor of 34898633 and 539.
539
What is the greatest common factor of 4280310 and 1080?
270
What is the highest common factor of 1152443 and 23349?
43
What is the greatest common factor of 17046059 and 361?
361
Calculate the highest common divisor of 188015 and 119815.
155
What is the greatest common factor of 4320 and 188071040?
160
What is the highest common divisor of 76470856 and 4816?
2408
What is the highest common factor of 789 and 1044811947?
789
What is the highest common factor of 142 and 463368578?
142
What is the greatest common factor of 1054 and 28225066?
1054
Calculate the greatest common divisor of 2907112 and 936.
104
Calculate the highest common divisor of 72 and 796849560.
72
Calculate the highest common divisor of 193644 and 880.
44
Calculate the highest common divisor of 243128298 and 126.
42
Calculate the highest common divisor of 12744 and 7587400.
472
Calculate the greatest common divisor of 52216 and 2168.
8
What is the greatest common divisor of 48 and 65055183?
3
Calculate the greatest common divisor of 1606243 and 213089.
521
What is the highest common divisor of 551527 and 442249?
467
What is the highest common divisor of 7406 and 58240?
14
What is the highest common factor of 150 and 54886110?
30
What is the highest common factor of 46134 and 340758?
198
What is the highest common divisor of 535363589 and 263?
263
Calculate the highest common divisor of 20 and 448648030.
10
Calculate the highest common factor of 86416569 and 652.
163
What is the greatest common factor of 8 and 406517?
1
Calculate the greatest common factor of 10574 and 6812766.
622
What is the highest common factor of 62206 and 193306?
38
What is the greatest common factor of 8121799 and 4648?
581
What is the highest common factor of 3475969 and 2842?
203
What is the greatest common divisor of 17568 and 12847088?
976
Calculate the greatest common divisor of 48039551 and 3087.
343
Calculate the greatest common factor of 262471 and 13603.
223
Calculate the highest common divisor of 432032 and 1702.
46
Calculate the highest common factor of 6474 and 6579742.
2158
Calculate the greatest common factor of 13188972 and 12.
12
Calculate the greatest common factor of 2107 and 23209732.
49
What is the highest common factor of 39000 and 114764?
52
What is the greatest common divisor of 1001 and 60522?
77
Calculate the greatest common divisor of 14586 and 5117918.
442
Calculate the greatest common divisor of 4720 and 332336380.
1180
What is the highest common divisor of 91464606 and 782?
46
Calculate the highest common divisor of 14744 and 111416.
152
What is the highest common factor of 78300053 and 13?
13
What is the highest common factor of 28025 and 321100?
475
What is the highest common factor of 307 and 5247244?
307
Calculate the greatest common divisor of 9300 and 84318450.
4650
What is the greatest common divisor of 1365675 and 31800?
75
Calculate the highest common divisor of 124032 and 369056.
608
What is the highest common divisor of 12888704 and 128?
128
Calculate the highest common divisor of 4 and 2160768.
4
What is the highest common factor of 159923974 and 2979?
331
Calculate the greatest common divisor of 38686 and 141082.
46
What is the highest common factor of 56876 and 12926428?
236
What is the greatest common divisor of 38 and 6354293234?
38
Calculate the greatest common divisor of 57 and 138642582.
57
Calculate the highest common divisor of 212636655 and 3597.
3597
Calculate the greatest common factor of 4499844 and 948.
12
What is the highest common factor of 7687701 and 18?
9
What is the highest common divisor of 1099696 and 3359733?
4043
What is the highest common factor of 350 and 147977600?
50
What is the highest common divisor of 1917 and 115531981?
71
Calculate the greatest common factor of 1266 and 200493888.
1266
Calculate the greatest common divisor of 19028 and 29748.
268
What is the greatest common factor of 17092078 and 290?
58
Calculate the greatest common factor of 8617 and 45741498.
1231
Calculate the greatest common factor of 4089 and 3364203.
87
What is the greatest common divisor of 21230960 and 42880?
5360
What is the greatest common factor of 178089 and 3161?
29
Calculate the highest common divisor of 1440 and 10177848.
72
What is the greatest common divisor of 3272 and 178148130?
818
What is the highest common divisor of 31274 and 2453363?
823
Calculate the highest common factor of 1978 and 26816735.
989
Calculate the highest common factor of 841717 and 1959.
653
Calculate the highest common divisor of 125950 and 64199234.
5038
Calculate the highest common divisor of 301490 and 50386.
826
What is the greatest common factor of 53033 and 626727?
293
What is the greatest common factor of 446403121 and 615?
41
Calculate the greatest common factor of 294 and 21018186.
42
What is the greatest common divisor of 197578 and 1256828?
446
Calculate the greatest common divisor of 9778904 and 6352.
3176
Calculate the greatest common factor of 318681 and 5324319.
297
Calculate the highest common divisor of 87051928 and 8.
8
Calculate the highest common divisor of 14 and 16538606.
14
What is the highest common divisor of 2695 and 6404055?
245
Calculate the greatest common factor of 4160 and 472160.
2080
Calculate the highest common factor of 5769642 and 414.
138
What is the greatest common factor of 11752484 and 1865?
373
Calculate the highest common factor of 408 and 1006568.
8
Calculate the greatest common divisor of 57863806 and 2431.
143
What is the greatest common factor of 1056 and 881001?
33
Calculate the highest common factor of 79326 and 758682.
2034
What is the greatest common factor of 410321712 and 592?
592
What is the highest common divisor of 548 and 221393918?
274
Calculate the highest common divisor of 174308 and 256.
4
What is the greatest common factor of 342 and 16084089?
171
Calculate the highest common divisor of 3159176 and 320.
8
What is the greatest common factor of 5 and 179754260?
5
What is the greatest common divisor of 26748897 and 231?
21
What is the greatest common divisor of 931015 and 28835?
395
What is the highest common divisor of 97587459 and 4761?
207
What is the greatest common divisor of 1567192 and 3872?
968
What is the highest common divisor of 1026 and 46513881?
171
What is the highest common factor of 30339959 and 1066?
533
What is the greatest common factor of 51912 and 433321?
721
Calculate the highest common divisor of 1081753 and 88598.
1429